{"id":9,"date":"2022-01-16T10:32:24","date_gmt":"2022-01-16T09:32:24","guid":{"rendered":"http:\/\/reforest.webdesignbs.de\/?page_id=9"},"modified":"2022-02-13T12:45:32","modified_gmt":"2022-02-13T11:45:32","slug":"impressum","status":"publish","type":"page","link":"http:\/\/reforest.webdesignbs.de\/th\/impressum\/","title":{"rendered":"Impressum"},"content":{"rendered":"<h2 class=\"wp-block-heading\" id=\"angaben-gemass-5-tmg\">Angaben gem\u00e4\u00df \u00a7 5 TMG<\/h2>\n\n\n\n<p>Reforest The World n.p.w.t. gUG (haftungsbeschr\u00e4nkt)<\/p>\n\n\n\n<p>c.\/o. Bandcommunity Leipzig e.V.<br>Saarl\u00e4nder Stra\u00dfe 17<br>01479 Leipzig<br>Germany<\/p>\n\n\n\n<p>Handelsregister: HRB 39528<br>Registergericht: Amtsgericht Leipzig<\/p>\n\n\n\n<p><strong>Vertreten durch:<\/strong><br>Katharina Bretschneider<\/p>\n\n\n\n<h2 class=\"wp-block-heading\" id=\"kontakt\">Kontakt<\/h2>\n\n\n\n<p>Telefon: +49 (0)177 5712250<br>E-Mail: mail@reforest-the-world.com<\/p>\n\n\n\n<h2 class=\"wp-block-heading\" id=\"redaktionell-verantwortlich\">Redaktionell verantwortlich<\/h2>\n\n\n\n<p>J\u00f6rg Trenkelbach<br>K\u00fchnemannstra\u00dfe 21-45<br>13409 Berlin<\/p>\n\n\n\n<h2 class=\"wp-block-heading\" id=\"eu-streitschlichtung\">EU-Streitschlichtung<\/h2>\n\n\n\n<p>Die Europ\u00e4ische Kommission stellt eine Plattform zur Online-Streitbeilegung (OS) bereit:&nbsp;<a href=\"https:\/\/ec.europa.eu\/consumers\/odr\/\" target=\"_blank\" rel=\"noreferrer noopener\">https:\/\/ec.europa.eu\/consumers\/odr\/<\/a>.<br>Unsere E-Mail-Adresse finden Sie oben im Impressum.<\/p>\n\n\n\n<h2 class=\"wp-block-heading\" id=\"verbraucher-streit-beilegung-universal-schlichtungs-stelle\">Verbraucher\u00adstreit\u00adbeilegung\/Universal\u00adschlichtungs\u00adstelle<\/h2>\n\n\n\n<p>Wir sind nicht bereit oder verpflichtet, an Streitbeilegungsverfahren vor einer Verbraucherschlichtungsstelle teilzunehmen.<\/p>","protected":false},"excerpt":{"rendered":"<p>Angaben gem\u00e4\u00df \u00a7 5 TMG Reforest The World n.p.w.t. gUG (haftungsbeschr\u00e4nkt) c.\/o. Bandcommunity Leipzig e.V.Saarl\u00e4nder Stra\u00dfe 1701479 LeipzigGermany Handelsregister: HRB 39528Registergericht: Amtsgericht Leipzig Vertreten durch:Katharina Bretschneider Kontakt Telefon: +49 (0)177 5712250E-Mail: mail@reforest-the-world.com Redaktionell verantwortlich J\u00f6rg TrenkelbachK\u00fchnemannstra\u00dfe 21-4513409 Berlin EU-Streitschlichtung Die Europ\u00e4ische Kommission stellt eine Plattform zur Online-Streitbeilegung (OS) bereit:&nbsp;https:\/\/ec.europa.eu\/consumers\/odr\/.Unsere E-Mail-Adresse finden Sie oben im Impressum. [&hellip;]<\/p>","protected":false},"author":1,"featured_media":0,"parent":0,"menu_order":0,"comment_status":"closed","ping_status":"closed","template":"","meta":{"footnotes":""},"class_list":["post-9","page","type-page","status-publish","hentry"],"yoast_head":"<!-- This site is optimized with the Yoast SEO plugin v21.2 - https:\/\/yoast.com\/wordpress\/plugins\/seo\/ -->\n<title>Impressum - Reforest The World<\/title>\n<meta name=\"robots\" content=\"index, follow, max-snippet:-1, max-image-preview:large, max-video-preview:-1\" \/>\n<link rel=\"canonical\" href=\"http:\/\/reforest.webdesignbs.de\/th\/impressum\/\" \/>\n<meta property=\"og:locale\" content=\"th_TH\" \/>\n<meta property=\"og:type\" content=\"article\" \/>\n<meta property=\"og:title\" content=\"Impressum - Reforest The World\" \/>\n<meta property=\"og:description\" content=\"Angaben gem\u00e4\u00df \u00a7 5 TMG Reforest The World n.p.w.t. gUG (haftungsbeschr\u00e4nkt) c.\/o. Bandcommunity Leipzig e.V.Saarl\u00e4nder Stra\u00dfe 1701479 LeipzigGermany Handelsregister: HRB 39528Registergericht: Amtsgericht Leipzig Vertreten durch:Katharina Bretschneider Kontakt Telefon: +49 (0)177 5712250E-Mail: mail@reforest-the-world.com Redaktionell verantwortlich J\u00f6rg TrenkelbachK\u00fchnemannstra\u00dfe 21-4513409 Berlin EU-Streitschlichtung Die Europ\u00e4ische Kommission stellt eine Plattform zur Online-Streitbeilegung (OS) bereit:&nbsp;https:\/\/ec.europa.eu\/consumers\/odr\/.Unsere E-Mail-Adresse finden Sie oben im Impressum. [&hellip;]\" \/>\n<meta property=\"og:url\" content=\"http:\/\/reforest.webdesignbs.de\/th\/impressum\/\" \/>\n<meta property=\"og:site_name\" content=\"Reforest The World\" \/>\n<meta property=\"article:modified_time\" content=\"2022-02-13T11:45:32+00:00\" \/>\n<meta name=\"twitter:card\" content=\"summary_large_image\" \/>\n<meta name=\"twitter:label1\" content=\"Est. reading time\" \/>\n\t<meta name=\"twitter:data1\" content=\"1 \u0e19\u0e32\u0e17\u0e35\" \/>\n<script type=\"application\/ld+json\" class=\"yoast-schema-graph\">{\"@context\":\"https:\/\/schema.org\",\"@graph\":[{\"@type\":\"WebPage\",\"@id\":\"http:\/\/reforest.webdesignbs.de\/impressum\/\",\"url\":\"http:\/\/reforest.webdesignbs.de\/impressum\/\",\"name\":\"Impressum - Reforest The World\",\"isPartOf\":{\"@id\":\"http:\/\/reforest.webdesignbs.de\/#website\"},\"datePublished\":\"2022-01-16T09:32:24+00:00\",\"dateModified\":\"2022-02-13T11:45:32+00:00\",\"breadcrumb\":{\"@id\":\"http:\/\/reforest.webdesignbs.de\/impressum\/#breadcrumb\"},\"inLanguage\":\"th\",\"potentialAction\":[{\"@type\":\"ReadAction\",\"target\":[\"http:\/\/reforest.webdesignbs.de\/impressum\/\"]}]},{\"@type\":\"BreadcrumbList\",\"@id\":\"http:\/\/reforest.webdesignbs.de\/impressum\/#breadcrumb\",\"itemListElement\":[{\"@type\":\"ListItem\",\"position\":1,\"name\":\"Startseite\",\"item\":\"http:\/\/reforest.webdesignbs.de\/\"},{\"@type\":\"ListItem\",\"position\":2,\"name\":\"Impressum\"}]},{\"@type\":\"WebSite\",\"@id\":\"http:\/\/reforest.webdesignbs.de\/#website\",\"url\":\"http:\/\/reforest.webdesignbs.de\/\",\"name\":\"Reforest The World\",\"description\":\"Just another WordPress site\",\"potentialAction\":[{\"@type\":\"SearchAction\",\"target\":{\"@type\":\"EntryPoint\",\"urlTemplate\":\"http:\/\/reforest.webdesignbs.de\/?s={search_term_string}\"},\"query-input\":\"required name=search_term_string\"}],\"inLanguage\":\"th\"}]}<\/script>\n<!-- \/ Yoast SEO plugin. -->","yoast_head_json":{"title":"Impressum - Reforest The World","robots":{"index":"index","follow":"follow","max-snippet":"max-snippet:-1","max-image-preview":"max-image-preview:large","max-video-preview":"max-video-preview:-1"},"canonical":"http:\/\/reforest.webdesignbs.de\/th\/impressum\/","og_locale":"th_TH","og_type":"article","og_title":"Impressum - Reforest The World","og_description":"Angaben gem\u00e4\u00df \u00a7 5 TMG Reforest The World n.p.w.t. gUG (haftungsbeschr\u00e4nkt) c.\/o. Bandcommunity Leipzig e.V.Saarl\u00e4nder Stra\u00dfe 1701479 LeipzigGermany Handelsregister: HRB 39528Registergericht: Amtsgericht Leipzig Vertreten durch:Katharina Bretschneider Kontakt Telefon: +49 (0)177 5712250E-Mail: mail@reforest-the-world.com Redaktionell verantwortlich J\u00f6rg TrenkelbachK\u00fchnemannstra\u00dfe 21-4513409 Berlin EU-Streitschlichtung Die Europ\u00e4ische Kommission stellt eine Plattform zur Online-Streitbeilegung (OS) bereit:&nbsp;https:\/\/ec.europa.eu\/consumers\/odr\/.Unsere E-Mail-Adresse finden Sie oben im Impressum. [&hellip;]","og_url":"http:\/\/reforest.webdesignbs.de\/th\/impressum\/","og_site_name":"Reforest The World","article_modified_time":"2022-02-13T11:45:32+00:00","twitter_card":"summary_large_image","twitter_misc":{"Est. reading time":"1 \u0e19\u0e32\u0e17\u0e35"},"schema":{"@context":"https:\/\/schema.org","@graph":[{"@type":"WebPage","@id":"http:\/\/reforest.webdesignbs.de\/impressum\/","url":"http:\/\/reforest.webdesignbs.de\/impressum\/","name":"Impressum - Reforest The World","isPartOf":{"@id":"http:\/\/reforest.webdesignbs.de\/#website"},"datePublished":"2022-01-16T09:32:24+00:00","dateModified":"2022-02-13T11:45:32+00:00","breadcrumb":{"@id":"http:\/\/reforest.webdesignbs.de\/impressum\/#breadcrumb"},"inLanguage":"th","potentialAction":[{"@type":"ReadAction","target":["http:\/\/reforest.webdesignbs.de\/impressum\/"]}]},{"@type":"BreadcrumbList","@id":"http:\/\/reforest.webdesignbs.de\/impressum\/#breadcrumb","itemListElement":[{"@type":"ListItem","position":1,"name":"Startseite","item":"http:\/\/reforest.webdesignbs.de\/"},{"@type":"ListItem","position":2,"name":"Impressum"}]},{"@type":"WebSite","@id":"http:\/\/reforest.webdesignbs.de\/#website","url":"http:\/\/reforest.webdesignbs.de\/","name":"Reforest The World","description":"Just another WordPress site","potentialAction":[{"@type":"SearchAction","target":{"@type":"EntryPoint","urlTemplate":"http:\/\/reforest.webdesignbs.de\/?s={search_term_string}"},"query-input":"required name=search_term_string"}],"inLanguage":"th"}]}},"_links":{"self":[{"href":"http:\/\/reforest.webdesignbs.de\/th\/wp-json\/wp\/v2\/pages\/9","targetHints":{"allow":["GET"]}}],"collection":[{"href":"http:\/\/reforest.webdesignbs.de\/th\/wp-json\/wp\/v2\/pages"}],"about":[{"href":"http:\/\/reforest.webdesignbs.de\/th\/wp-json\/wp\/v2\/types\/page"}],"author":[{"embeddable":true,"href":"http:\/\/reforest.webdesignbs.de\/th\/wp-json\/wp\/v2\/users\/1"}],"replies":[{"embeddable":true,"href":"http:\/\/reforest.webdesignbs.de\/th\/wp-json\/wp\/v2\/comments?post=9"}],"version-history":[{"count":3,"href":"http:\/\/reforest.webdesignbs.de\/th\/wp-json\/wp\/v2\/pages\/9\/revisions"}],"predecessor-version":[{"id":249,"href":"http:\/\/reforest.webdesignbs.de\/th\/wp-json\/wp\/v2\/pages\/9\/revisions\/249"}],"wp:attachment":[{"href":"http:\/\/reforest.webdesignbs.de\/th\/wp-json\/wp\/v2\/media?parent=9"}],"curies":[{"name":"wp","href":"https:\/\/api.w.org\/{rel}","templated":true}]}}

<h2 class="wp-block-heading" id="angaben-gemass-5-tmg">Angaben gemäß § 5 TMG</h2>



<p>Reforest The World n.p.w.t. gUG (haftungsbeschränkt)</p>



<p>c./o. Bandcommunity Leipzig e.V.<br>Saarländer Straße 17<br>01479 Leipzig<br>Germany</p>



<p>Handelsregister: HRB 39528<br>Registergericht: Amtsgericht Leipzig</p>



<p><strong>Vertreten durch:</strong><br>Katharina Bretschneider</p>



<h2 class="wp-block-heading" id="kontakt">Kontakt</h2>



<p>Telefon: +49 (0)177 5712250<br>E-Mail: mail@reforest-the-world.com</p>



<h2 class="wp-block-heading" id="redaktionell-verantwortlich">Redaktionell verantwortlich</h2>



<p>Jörg Trenkelbach<br>Kühnemannstraße 21-45<br>13409 Berlin</p>



<h2 class="wp-block-heading" id="eu-streitschlichtung">EU-Streitschlichtung</h2>



<p>Die Europäische Kommission stellt eine Plattform zur Online-Streitbeilegung (OS) bereit:&nbsp;<a href="https://ec.europa.eu/consumers/odr/" target="_blank" rel="noreferrer noopener">https://ec.europa.eu/consumers/odr/</a>.<br>Unsere E-Mail-Adresse finden Sie oben im Impressum.</p>



<h2 class="wp-block-heading" id="verbraucher-streit-beilegung-universal-schlichtungs-stelle">Verbraucher­streit­beilegung/Universal­schlichtungs­stelle</h2>



<p>Wir sind nicht bereit oder verpflichtet, an Streitbeilegungsverfahren vor einer Verbraucherschlichtungsstelle teilzunehmen.</p>

<p>Angaben gemäß § 5 TMG Reforest The World n.p.w.t. gUG (haftungsbeschränkt) c./o. Bandcommunity Leipzig e.V.Saarländer Straße 1701479 LeipzigGermany Handelsregister: HRB 39528Registergericht: Amtsgericht Leipzig Vertreten durch:Katharina Bretschneider Kontakt Telefon: +49 (0)177 5712250E-Mail: mail@reforest-the-world.com Redaktionell verantwortlich Jörg TrenkelbachKühnemannstraße 21-4513409 Berlin EU-Streitschlichtung Die Europäische Kommission stellt eine Plattform zur Online-Streitbeilegung (OS) bereit:&nbsp;https://ec.europa.eu/consumers/odr/.Unsere E-Mail-Adresse finden Sie oben im Impressum. [&hellip;]</p>

<!-- This site is optimized with the Yoast SEO plugin v21.2 - https://yoast.com/wordpress/plugins/seo/ -->
<title>Impressum - Reforest The World</title>
<meta name="robots" content="index, follow, max-snippet:-1, max-image-preview:large, max-video-preview:-1" />
<link rel="canonical" href="http://reforest.webdesignbs.de/th/impressum/" />
<meta property="og:locale" content="th_TH" />
<meta property="og:type" content="article" />
<meta property="og:title" content="Impressum - Reforest The World" />
<meta property="og:description" content="Angaben gemäß § 5 TMG Reforest The World n.p.w.t. gUG (haftungsbeschränkt) c./o. Bandcommunity Leipzig e.V.Saarländer Straße 1701479 LeipzigGermany Handelsregister: HRB 39528Registergericht: Amtsgericht Leipzig Vertreten durch:Katharina Bretschneider Kontakt Telefon: +49 (0)177 5712250E-Mail: mail@reforest-the-world.com Redaktionell verantwortlich Jörg TrenkelbachKühnemannstraße 21-4513409 Berlin EU-Streitschlichtung Die Europäische Kommission stellt eine Plattform zur Online-Streitbeilegung (OS) bereit:&nbsp;https://ec.europa.eu/consumers/odr/.Unsere E-Mail-Adresse finden Sie oben im Impressum. [&hellip;]" />
<meta property="og:url" content="http://reforest.webdesignbs.de/th/impressum/" />
<meta property="og:site_name" content="Reforest The World" />
<meta property="article:modified_time" content="2022-02-13T11:45:32+00:00" />
<meta name="twitter:card" content="summary_large_image" />
<meta name="twitter:label1" content="Est. reading time" />
	<meta name="twitter:data1" content="1 นาที" />
<script type="application/ld+json" class="yoast-schema-graph">{"@context":"https://schema.org","@graph":[{"@type":"WebPage","@id":"http://reforest.webdesignbs.de/impressum/","url":"http://reforest.webdesignbs.de/impressum/","name":"Impressum - Reforest The World","isPartOf":{"@id":"http://reforest.webdesignbs.de/#website"},"datePublished":"2022-01-16T09:32:24+00:00","dateModified":"2022-02-13T11:45:32+00:00","breadcrumb":{"@id":"http://reforest.webdesignbs.de/impressum/#breadcrumb"},"inLanguage":"th","potentialAction":[{"@type":"ReadAction","target":["http://reforest.webdesignbs.de/impressum/"]}]},{"@type":"BreadcrumbList","@id":"http://reforest.webdesignbs.de/impressum/#breadcrumb","itemListElement":[{"@type":"ListItem","position":1,"name":"Startseite","item":"http://reforest.webdesignbs.de/"},{"@type":"ListItem","position":2,"name":"Impressum"}]},{"@type":"WebSite","@id":"http://reforest.webdesignbs.de/#website","url":"http://reforest.webdesignbs.de/","name":"Reforest The World","description":"Just another WordPress site","potentialAction":[{"@type":"SearchAction","target":{"@type":"EntryPoint","urlTemplate":"http://reforest.webdesignbs.de/?s={search_term_string}"},"query-input":"required name=search_term_string"}],"inLanguage":"th"}]}</script>
<!-- / Yoast SEO plugin. -->

Angaben gemäß § 5 TMG Reforest The World n.p.w.t. gUG (haftungsbeschränkt) c./o. Bandcommunity Leipzig e.V.Saarländer Straße 1701479 LeipzigGermany Handelsregister: HRB 39528Registergericht: Amtsgericht Leipzig Vertreten durch:Katharina Bretschneider Kontakt Telefon: +49 (0)177 5712250E-Mail: mail@reforest-the-world.com Redaktionell verantwortlich Jörg TrenkelbachKühnemannstraße 21-4513409 Berlin EU-Streitschlichtung Die Europäische Kommission stellt eine Plattform zur Online-Streitbeilegung (OS) bereit:&nbsp;https://ec.europa.eu/consumers/odr/.Unsere E-Mail-Adresse finden Sie oben im Impressum. [&hellip;]

1 นาที
